2) + 0.
4
What is the value of -9 - -2 - 0 - -4?
-3
What is 4 - (-3 - (-7 + (2 - 7)))?
-5
0 - (-8 + 14 - 7)
1
(-5 - (8 - 2)) + 1
-10
What is the value of 2 + -7 - (0 + -10)?
5
What is -9 + (-1 - (-23 - -10))?
3
Evaluate 4 + -6 + (2 - 1).
-1
Evaluate -2 + 3 + (1 - -3).
5
Calculate 3 - -10 - (-3 - -1 - -8).
7
What is the value of 119 - 128 - (-7 - 0)?
-2
What is 2 + -1 + -8 + 14?
7
What is the value of -2 - 0 - 1 - -6?
3
Evaluate -1 - (-12 + -1 + 5 + 0).
7
What is the value of 3 + (-4 - 4) - -3?
-2
Calculate 2 - 0 - 4 - (4 + -10).
4
What is -3 - 3 - (7 + -10)?
-3
Evaluate (9 - (5 - 0)) + -8.
-4
(-6 - -2) + 11 + -5
2
What is the value of (-13 - (-8 + 3)) + 6?
-2
What is (10 - 2 - 4) + 3?
7
Evaluate -1 - 1 - (5 - (6 + 1)).
0
What is (-8 + 15 - -1) + -9?
-1
-8 + 11 - (5 - 0)
-2
-13 - (-2 - (7 - 0))
-4
Evaluate (-11 - (-6 + -2) - 2) + 2.
-3
Evaluate -1 - (7 + -8 - 0).
0
Calculate -13 + -3 + (8 - (4 - 4)).
-8
Calculate -8 + 1 - 2 - -4.
-5
Evaluate 7 - ((2 - 2) + (6 - 2)).
3
Calculate 6 + (1 + -7 - -7) - 12.
-5
9 + (14 - 5) + -18
0
3 + 3 - ((-5 - -8) + 0)
3
What is -1 + -1 + 3 + 0?
1
Evaluate -8 - -5 - ((0 - 0) + -8).
5
What is -4 + 3 + (-2 - 1 - -2)?
-2
What is -3 + (-3 - (2 + -5) - -3)?
0
Calculate -2 + -5 - 0 - (-6 - -4).
-5
What is (-5 - -8) + -5 + -2?
-4
Calculate -2 + (0 - 4 - (-12 + 10)).
-4
What is the value of (1 - -5) + 3 + (-2 - 3)?
4
What is (4 - 4) + (3 - 2 - -7)?
8
What is -7 - ((-4 - 6) + 7)?
-4
Evaluate (-12 - -15) + -7 + 3.
-1
Evaluate 2 - (14 - (5 - 0)).
-7
Calculate 4 + -1 - (51 - 51).
3
What is the value of -3 - (-2 - 5 - (-8 - -8))?
4
Evaluate -2 + (-1 - (6 - 5)) + 5.
1
(-1 - 3) + (-2 - -8)
2
Evaluate (-5 - (-2 + -6)) + -1.
2
Evaluate 7 + 5 + (-2 - -2) + -5.
7
Evaluate (135 - 135) + (-2 - 8).
-10
What is 3 + 0 - (10 - (9 - -3))?
5
Evaluate (-4 - 2) + 2 - (123 - 132).
5
What is the value of -2 + 0 - (53 + -56)?
1
What is the value of -4 + 10 + -1 - (3 + -2)?
4
What is (-3 - 9) + 5 - (-2 - 1)?
-4
What is the value of -1 + -2 + 1 + 0 - 1?
-3
What is the value of 6 + (-1 - 6) - 1?
-2
What is (11 + 3 - 24) + 18?
8
Calculate 9 - (-7 + 17) - 3.
-4
What is (-8 - -6) + 0 + 5 + -4?
-1
Evaluate 4 - (9 + 2) - -2.
-5
What is the value of 15 + -12 + (3 - -2) + -5?
3
7 - 1 - (7 + (-17 - -13))
3
What is -1 - (-3 - -10) - -15?
7
Calculate 0 + 5 + -7 - 2.
-4
10 - (-12 + 10 + 12)
0
Calculate 1 + (0 - (-9 + 4)).
6
What is 117 - 131 - (-11 + 1 - -2)?
-6
Evaluate 2 + -1 + 2 - (5 - 7).
5
What is -4 + 0 + -15 + 26?
7
-3 + 0 - 2 - -3
-2
Evaluate 8 + -7 + (-14 - -7).
-6
What is the value of 2 + (6 - 3) + -1?
4
Calculate 4 - ((6 - 3) + -7).
8
(0 - 0) + -5 - (-6 - -7)
-6
What is the value of 4 - (10 - 3) - -8 - 1?
4
Calculate (-1 - -2) + (6 - (1 + 4)).
2
Calculate (-2 - (-10 - -13)) + 3.
-2
Calculate (-13 - -5) + 10 + -6 + -3.
-7
Calculate 4 - ((-1 - -3) + 1).
1
What is the value of (7 - 5) + (2 + 0 - 4)?
0
36 - 31 - (-2 + 1)
6
Calculate (-2 - -2) + 3 - (12 + -13).
4
What is the value of -7 - (2 + (-1 - 2))?
-6
What is (-11 - -16 - (6 + -2)) + -3?
-2
Calculate (-4 - (2 - 1) - -2) + 0.
-3
(-2 - 4) + 2 - -2 - -4
2
Evaluate 7 - (-4 + (2 - -3) + 1).
5
(4 - 0 - 8) + -5
-9
-4 + (8 - 2) + -4
-2
Calculate (-4 - -7) + -5 - (0 + 1).
-3
What is the value of -2 - (-1 + -2) - (57 + -56)?
0
Calculate -16 - (3 + -1) - -11.
-7
What is 3 + -4 + -2 - (-7 - -11)?
-7
Calculate 7 - 0 - (-8 + 3 - -3).
9
What is the value of 2 + 0 + 6 + -2 + -3?
3
Evaluate (-5 - (-8 + 2)) + -8.
-7
What is 13 - 20 - (-8 - -2)?
-1
What is the value of (2 - (8 - 0)) + (-158 - -164)?
0
What is 4 + 2 + 0 + (-10 - 4)?
-8
What is the value of 2 + (-2 - 0 - 2) + 7?
5
Evaluate (-6 - -2) + (13 + -3 - -2).
8
Evaluate (2 - -3) + (19 - 17) - 8.
-1
-7 - (5 + -20 + 6 + -1)
3
What is (-2 - 3) + 2 - (-2 - -4)?
-5
Evaluate (2 - (2 + -2)) + -21 + 15.
-4
Evaluate (5 - 7 - -3) + -1.
0
-130 + 145 - (6 - (0 + -1))
8
Evaluate 5 + 0 + 1 + -1.
5
Calculate -1 - 0 - (-8 + (3 - -5)).
-1
What is the value of -20 - 3 - -12 - -12?
1
Calculate 2 - 1 - (-5 - -4).
2
What is the value of 14 - (6 - (14 + -26))?
-4
What is (-3 - (-8 + 3)) + (4 - 1)?
5
-1 + -7 - (-9 + 5)
-4
What is the value of 4 + (0 - (-1 + 11 + -5))?
-1
Calculate 4 - ((-10 - -3) + 1 + 5).
5
Evaluate -6 - (4 - (15 + -2)).
3
What is the value of 0 + (6 - 3) - -2 - 1?
4
Evaluate -7 + 7 - (1 + 0) - 1.
-2
Calculate (-5 - 4 - -5) + 0.
-4
What is the value of 30 + -24 + (2 - 5)?
3
What is 2 - (-10 - -12) - (3 - 1)?
-2
Evaluate (2 - 0) + -1 + (-6 - -4).
-1
Calculate (2 - 1 - 2) + -3.
-4
-14 + 20 - 11 - (5 + -1)
-9
Evaluate 1 - -1 - 1 - (-22 + 22).
1
Calculate 4 + -16 - (-10 + -1 + 9).
-10
What is -1 + 2 - -1 - (-10 - -16)?
-4
Evaluate 9 - (9 + (2 - 6)).
4
Evaluate 1 + 11 - (-11 - -15).
8
What is the value of (-4 + 20 - 9) + 1 + -7?
1
6 - (-2 - 2 - -15)
-5
What is the value of 7 - -1 - (2 - -1)?
5
Calculate -3 - (1 + (-11 - -3)).
4
What is the value of -6 - (4 - 19 - (0 + -4))?
5
What is the value of -2 - (-2 + 5 - 3)?
-2
Evaluate (-12 + 5 - -15) + 0 + -3.
5
What is 2 + -2 + (0 - 0) + 3?
3
What is -1 + -5 - (-12 + 0 + 9)?
-3
(-6 - (-10 - (-8 - -2))) + 1
-1
Calculate -3 - (9 + 2 + -12).
-2
(1 - -3) + -7 + 5
2
Calculate -10 + 8 + (0 - -4) + -5.
-3
-2 - ((0 - -2) + (-12 - -10))
-2
6 - 1 - (-3 + (2 - -4))
2
What is 2 + 0 + -2 - (-9 - -5)?
4
Calculate (19 - 17) + (2 - 2) + -3.
-1
What is the value of -7 + (-1 - -17) - 5?
4
What is the value of 22 + -20 + 10 + -11?
1
What is 6 + -4 + (1 - 5)?
-2
Evaluate -7 - (-2 - 6) - (1 + -3).
3
Evaluate (0 - 2) + -18 + 21.
1
Evaluate 5 + (-5 + -1 - 1 - 2).
-4
-6 + 1 - -2 - (21 - 16)
-8
1 + (0 - -2 - (1 - 0))
2
What is the value of 1 + 0 + 1 + 0?
2
What is the value of (70 - 72) + 3 + 1?
2
Evaluate -7 - (-4 - (1 - -2)).
0
Calculate 12 - 0 - (1 + 6).
5
Evaluate 1 - 6 - (-2 + -9).
6
What is the value of -1 + 1 + (-39 - -33)?
-6
What is the value of -2 - (0 - 1 - (0 + 1))?
0
(6 - 12) + 9 + 6
9
Evaluate 1 + -7 - (-7 + 3).
-2
What is (13 - 20) + 12 + -10?
-5
Evaluate 7 - 7 - (3 - (5 - 3)).
-1
1 - ((7 - 3) + -1)
-2
-2 + (-2 - -2) + -9 + 9
-2
2 - 1 - (5 + -9 + 3)
2
What is (3 - 3) + -1 - -3 - 6?
-4
Evaluate 1 - (5 + -4 + 1).
-1
11 - (-9 + 7 - -11)
2
12 + -11 - (3 + 0)
-2
What is the value of 10 + -7 - -11 - 20?
-6
-1 + 1 + 1 - (6 + -9)
4
What is -2 + (-5 - (-7 - (3 - 6)))?
-3
Calculate 8 - (-10 + 9 - -1).
8
What is 3 + (16 - (9 + 2))?
8
Evaluate 3 + (-7 + 4 - -2 - 4).
-2
Calculate -2 - (2 + (-2 - 3)) - -4.
5
1 + 0 - (-187 + 195)
-7
(-9 + 0 - -11) + -1
1
Calculate -5 - (1 + 10 + -3) - -3.
-10
What is (-1 - -19) + -29 + 1 + 3?
-7
What is -5 - (-14 - -8 - (-4 - 0))?
-3
-1 + 0 + (-4 - -5)
0
1 + (5 - (6 + 3 + -9))
6
What is 3 - (1 + -3) - (17 - 5)?
-7
Calculate 4 - (2 - 0 - 2).
4
What is 3 + 4 - (-10 - -16)?
1
-1 + -1 + -1 + -1 + -1
-5
Evaluate 0 - (4 - (1 + -2)).
-5
What is -3 + 4 + -4 + 2 - -7?
6
What is -5 + -1 + (8 - (-3 + 8))?
-3
What is (0 - -1) + -4 + 6 + -2?
1
What is the value of -8 + (-14 - -22) - (5 - 1)?
-4
What is the value of 11 - 2 - (-13 - -21)?
1
What is 17 + -32 - ((1 - 11) + 2)?
-7
What is 3 - (9 + 1 + (3 - 7))?
-3
Calculate -2 + (9 - (1 + 3)) + -1.
2
What is the value of -1 - (-4 + 0) - 2 - 3?
-2
-1 + -2 + (-3 - 0 - 0)
-6
Evaluate 5 + -4 - 3 - -2 - 2.
-2
Calculate 5 - (20 + -6 - (-2 - -5)).
-6
Evaluate (7 - 3) + 2 - 1.
5
What is -4 - (-9 - -2) - 6?
-3
Calculate 8 - (9 - (2 + 6)).
7
What is -5 + -7 + 3 + (-1 - -4)?
-6
-3 + (-2 - 2 - (-13 + 8))
-2
8 - (5 - (1 - 8))
-4
Calculate 8 + (-8 - (1 + -2)).
1
Calculate -3 + (-1 - (-6 + 2)).
0
Calculate -5 - (3 - (4 + 3)).
-1
Evaluate 7 + -20 + 9 + 9.
5
Calculate 1 - (-1 + 0 - 3).
5
What is -4 - (3 - 13) - 6?
0
10 - (12 + -10 + 6)
2
Calculate -4 - (-8 - (-10 - -6)).
0
Evaluate -5 + 4 + 3 + -2 + -2.
-2
Evaluate (-5 + 1 + 7 - 3) + -2.
-2
What is -2 + (5 - (-7 + (-7 - -9)))?
8
Evaluate -7 - ((25 - 13) + -13).
-6
What is 12 + (-1 - 1 - 5) + 2?
7
Calculate 2 + -15 + 6 + 5.
-2
What is the value of 5 + -4 + (-2 - -9) + -7?
1
Evaluate (-2 - -8) + -5 - (2 + 2).
-3
Evaluate -2 - (8 + -5) - -5 - 5.
-5
What is the value of -16 + (-12 - -15 - -9)?
-4
What is 4 + -10 - (-1 + -6 + 0)?
1
(1 - -6) + -4 + -2 + -2
-1
Evaluate 1 - (4 + -1 - (30 - 26)).
2
-2 + -3 + 4 + 0
-1
What is the value of 3 - 2 - 5 - (-27 + 20)?
3
Evaluate -4 - (-4 + 4 - 5).
1
What is the value of 5 + -3 + 2 + -1 - 7?
-4
Evaluate (-55 - -60)